Let i(j) = -7*j - 36. Let k = 79 - 89. Calculate the remainder when 373 is divided by i(k).
33
Let p(w) = -w**3 + 2*w**2 - 3*w. Let s = -97 - -95. Let k(t) = t**2 - 3. Calculate the remainder when p(s) is divided by k(-4).
9
Let j be (1 + 1)*(5 - 12/8). Suppose j*l - 36 = 4*l. Suppose -860 = -z - 4*z - 5*t, 0 = -4*z + 5*t + 733. Calculate the remainder when z is divided by l.
9
Suppose 92*l - 96*l = 5*x - 5173, -3875 = -3*l + x. What is the remainder when l is divided by 47?
23
Let t(f) = f**2 + f. Let m = 69 + -49. Suppose 13*a + m = 14*a. What is the remainder when t(7) is divided by a?
16
Let g be (865 + 4)*(-3 - -4) + 2. Let y = -854 + g. Calculate the remainder when y is divided by 2.
1
Suppose 3 = -2*c + 11, -2*i + 266 = -2*c. What is the remainder when ((-2)/6)/(23/69) + i is divided by 16/(-6)*138/(-8)?
44
What is the remainder when 72 is divided by 244/6 + 4 + (-140)/30?
32
Let r(l) = -3*l + 87. Let h be r(27). Suppose -h*m + 9*m - 69 = -x, -2*m + 69 = x. What is the remainder when x is divided by 9?
6
Let d = 10184 + -10165. What is the remainder when 986 is divided by d?
17
What is the remainder when 11805/57 - 4/(-114)*-3 is divided by 96?
15
Suppose 0 = 28*g - 947 - 279 + 162. Let l = 0 - -20. What is the remainder when g is divided by l?
18
Let h(u) = u**2 - u + 10. Let p be -8*(-7)/(-196)*-42. Suppose o = -3*m + 26, -15*o - 5*m = -p*o - 62. What is the remainder when o is divided by h(0)?
4
Suppose -5*f + 30 = 20. Suppose t - f + 24 = 3*v, -t = -v + 10. Let i(s) = -s**3 + 10*s**2 - 12*s + 6. Calculate the remainder when i(v) is divided by 27.
24
Let g(c) = -c**2 - 51*c - 162. Let i be g(-30). Let k = i - 455. Calculate the remainder when k is divided by 8.
5
Let o(d) = -51*d - 1875. What is the remainder when 98 is divided by o(-37)?
2
Calculate the remainder when 863 is divided by -6 + 7/(35/1455).
8
What is the remainder when 3550 is divided by (-2)/53 + 973336/40492?
22
Let g(b) = 4*b**2 - 40*b. Let v be g(10). Suppose v = -4*j - 5*f + 298, 2*j - f - 164 = 4*f. What is the remainder when j is divided by 41?
36
Let x be (72/396)/((-2)/(-22)). Suppose x*h + 110 = -3*i + 354, 0 = 2*h + 2*i - 244. What is the remainder when h is divided by 9?
5
Let l = -567 + 569. Calculate the remainder when 70 is divided by l/(-13) + ((-3025)/(-143) - -4).
20
Suppose 0 = -6*z + 298 - 64. Suppose o = -0*o + 4*r + 15, 5*o - z = 2*r. Suppose 198 = 5*b - o. Calculate the remainder when b is divided by 11.
8
Suppose 4*n + 2*i + 8 = -0*n, 0 = 3*n + 5*i - 1. Calculate the remainder when n - (-278 + 7 + -2) is divided by 13.
10
Let c(r) = -3*r**2 - 81*r + 674. Calculate the remainder when 332 is divided by c(-32).
138
Let u(l) = -83*l - 2. Suppose 34*h = 32*h - 2, -w = -2*h - 14. What is the remainder when u(-1) is divided by w?
9
Let h = -844 - -934. What is the remainder when 136 is divided by h?
46
What is the remainder when (-306950)/(-28) + 36/(-24) is divided by 14?
13
Let h = 6 - 6. Let o = 4 + h. Calculate the remainder when 3/(10/(-8) - -1)*(-25)/75 is divided by o.
0
Let k = -131 + 145. Calculate the remainder when 675/6 - (-21)/k is divided by 11.
4
Suppose 3*a + 2836 = -a - f, 3520 = -5*a + 5*f. Let b = 727 + a. Calculate the remainder when 110 is divided by b.
15
Let l = 130 + -131. What is the remainder when l + 112 + 6/(-2) is divided by 38?
32
Let f = 22717 - 22645. Calculate the remainder when 773 is divided by f.
53
Let y(h) = -96*h - 5349. What is the remainder when y(-58) is divided by 27?
3
Suppose 1237*s - 1241*s + 2*q + 1284 = 0, 24 = -4*q. Calculate the remainder when s is divided by 92.
42
Let i = 2046 + -2002. Calculate the remainder when 92 is divided by i.
4
Suppose 0 = -146*p - 140246 + 1205769 + 1419543. Calculate the remainder when p is divided by 32.
29
Let b = 184 - 86. Suppose 42 = 4*x - b. What is the remainder when (-25)/10*((-154)/5 - -4) is divided by x?
32
Suppose -42 = -11*o + 13. Suppose -60 = -2*n + c, -o*c + 48 = 2*n + 12. Calculate the remainder when 249 is divided by n.
25
Suppose 26412 = -8*g + 26524. Suppose -3*c = -5*t + 537, -t + 218 = t + 2*c. What is the remainder when t is divided by g?
10
Suppose -3*m + 248 = -16*m + 1132. Let w(v) = v - 2. Let o be w(3). What is the remainder when m is divided by (o - -3*4) + -3?
8
Let b = -19 + 22. Suppose -3*v + 15 = b*y - 6*v, 10 = -2*y - 3*v. Let a(g) = 33*g + 5. What is the remainder when 74 is divided by a(y)?
36
Suppose 948 = 5*m + 548. Calculate the remainder when 192 is divided by m.
32
Let h(s) be the first derivative of -s**2/2 + 7*s + 6. Suppose -17*b = -2911 + 905. Calculate the remainder when b is divided by h(-13).
18
Suppose 3*v + 125 = 6*v - 4*j, 5*v + 3*j - 247 = 0. Let t(k) = -11 + v*k**2 + 37*k**2 + 12 + 2*k. Calculate the remainder when t(1) is divided by 22.
21
Suppose -4*f - 3*q + 1923 = 0, f - 600 = -4*q - 116. Suppose 5*u - 6*i = -i + f, -i = 5*u - 450. What is the remainder when u is divided by 25?
16
Let s(z) = 17*z + 1003. What is the remainder when s(-41) is divided by 65?
46
Suppose 33*t = 31*t + 546. Suppose -5*j + r + r = -t, 4*r = -5*j + 279. Calculate the remainder when j is divided by 7.
6
Let n = 5042 - 4996. What is the remainder when 1086 is divided by n?
28
Suppose 251 = 22*r - 893. Let p(z) = z**3 - 8*z**2 + 6*z - 2. Let i be p(7). Let n = i - -23. What is the remainder when r is divided by n?
10
Let q(r) = 2*r**2 - 5*r + 165. What is the remainder when q(8) is divided by 110?
33
Let l(t) = t**2 - 9*t + 2. Let m be l(9). Let a be (-429)/104 + m/16. Calculate the remainder when (-274)/a - 2/4 is divided by 23.
22
Suppose 3*d = -3*r - 7 + 37, -5*r = 2*d - 20. Let n(s) = s + 7. What is the remainder when d is divided by n(-4)?
1
Suppose -4*n = 63 - 11. What is the remainder when -32*(n/4 + 2) is divided by (52 + -54)*-3*21/6?
19
Let y = 2329 - 2318. Calculate the remainder when 65 is divided by y.
10
Suppose -8866 = 6*o + 20*o. Let z = -334 - o. Calculate the remainder when 207 is divided by z.
4
Suppose -43*g + 2259 = -113*g + 30119. What is the remainder when g is divided by 74?
28
Let s be 1/1*(31 + -35) + 6. Suppose -5*x + 47 = -0*b - 4*b, 3*b = -s*x + 28. Calculate the remainder when 28 is divided by x.
6
Suppose 0 = 88*t - 83*t - 442 - 618. What is the remainder when 7843 is divided by t?
211
Suppose 8*q - 44 = 7*q. Let y = 44 - q. Suppose y = 12*z - 17*z + 850. What is the remainder when z is divided by 43?
41
Suppose 15 + 60 = 5*r. Let q(m) = 13*m**2 + 19 - 27*m**2 + r*m**2. Calculate the remainder when 89 is divided by q(0).
13
Suppose -7 + 2 = -7*c + 93. Calculate the remainder when 32 is divided by c.
4
Suppose 0 = 2*l + 3*x - 271, 4*x = -4*l - 0*x + 536. Let f(s) = s**3 + 5*s**2 - 7*s + 38. Calculate the remainder when l is divided by f(0).
17
Suppose l - 5*l = 196. Suppose -4*x = 2*y + 130, x - 59 = -5*y - 402. Let t = l - y. What is the remainder when 98 is divided by t?
18
Let q(k) = -5*k**2 - 371*k - 57. Calculate the remainder when 1219 is divided by q(-74).
12
Let y = 104 - -239. Let l(v) = -514*v**2 - 2086*v - 4. Calculate the remainder when y is divided by l(-4).
111
Let z(d) = 15*d**3 - 13*d**2 + 27*d - 3. Let t be z(2). Suppose 5*r - 4*i - 53 = t, -3*r - i + 93 = 0. Calculate the remainder when 57 is divided by r.
25
Let g(s) = 104*s**3 - 4*s**2 - 9*s + 38. What is the remainder when g(2) is divided by 9?
8
Let g = 13 + -33. Let f be (8/g)/(63/(-30) + 2). Suppose 0 = -f*o - 3*a + 189, 5*o = -a - 0*a + 250. What is the remainder when o is divided by 13?
12
Suppose 41*u + 3286 = 65*u - 554. What is the remainder when u is divided by 26?
4
Let x = 288 + -331. Let l = x + 63. What is the remainder when 171 is divided by l?
11
Let h = -15 + 30. Let o(k) = k**3 + k**2 + 13*k + k**2 - 15*k + h. What is the remainder when 27 is divided by o(0)?
12
Let c be 1*(-13)/(-5) + 3/(-5). Suppose c*q = -47 + 163. Calculate the remainder when q is divided by 10.
8
Let y = 45 - 33. Suppose -81 = 15*t - 2001. What is the remainder when t is divided by y?
8
What is the remainder when 488 is divided by 5 - (((-56)/1)/(-8) - 118)?
24
Let r(j) = 2*j**3 - 31*j**2 - 4*j + 59. Let u = 153 - 90. What is the remainder when r(16) is divided by u?
62
Let k(l) = -l**2 - 9*l + 22. Let c be k(-9). Let n = 31 - c. Suppose 0 = -w + n - 5. 